t.
8
Let i = -22 + 18. Calculate the remainder when 64 is divided by (i - -5)/(7/105).
4
What is the remainder when 251 is divided by (16/(-20))/((-45)/3825)?
47
Let p(b) = -2*b**2 + 71*b + 222. What is the remainder when 195 is divided by p(36)?
9
Suppose -25 = -5*d, 2*m + 2*d - 483 = -3*d. What is the remainder when 3205 is divided by m?
228
Suppose 234 = -46*t + 648. Suppose -2*o - 260 = -5*n, -13*o + t*o = 0. What is the remainder when 257 is divided by n?
49
Let c(k) = -k**2 - 17*k - 22. Let q be c(-16). Let h = q + 10. Suppose -49 + 4 = -9*o. Calculate the remainder when o is divided by h.
1
Let n(r) = -r + 2. Let z be n(-7). Let l(k) = -13*k + 44. Let w(b) = -3*b + 1. Let i(d) = l(d) - 4*w(d). Calculate the remainder when i(z) is divided by 11.
9
Suppose -x + 2*z + 20 = 0, 0*x = -x + 5*z + 29. Let m = x - -1. Suppose 10 + 77 = 3*r. Calculate the remainder when r is divided by m.
14
Suppose -21 = -w - 2*w. Calculate the remainder when (-260)/(-20) - (-32)/24*6/(-8) is divided by w.
5
What is the remainder when 78 is divided by ((-36)/20 - 3)*5/(-2)?
6
Let s(i) = 14*i - 158. Let c be s(37). Let x = -218 + c. What is the remainder when x is divided by 78?
64
Let j = -1856 + 1273. Let g = j + 669. Calculate the remainder when g is divided by 10.
6
Suppose 29*u - 590 = 222. Suppose 3*p - 4*z = 9, 0*p - 3 = -p + 3*z. Let i = u - p. What is the remainder when 72 is divided by i?
22
Let k be 6/4 - (35/(-10) + -2). Suppose -5*s + 2395 = 5*b, 11*b - 485 = -s + k*b. Calculate the remainder when s is divided by 30.
27
Suppose 6*w = -22*w + 28. What is the remainder when 35 is divided by 2*(-4*w + 84/8)?
9
Suppose 4*o = -0*o + 100. Let q = -52861 - -52919. What is the remainder when q is divided by o?
8
Suppose 1620 + 299 = h + 4*w, 0 = -3*h + 5*w + 5672. What is the remainder when h is divided by 5?
4
Let u(n) = -3*n**3 - 2*n**2 - 5*n + 11. Let l be u(-5). Let h = l + -300. Calculate the remainder when h is divided by 24.
13
Let q be (-3 + (-148)/16)*224/(-4). Suppose q + 133 = 9*m. What is the remainder when m is divided by 18?
1
Suppose 0 = -3*t + 25 - 1. Calculate the remainder when -17 + (-496)/(10 - 18) is divided by t.
5
Let f(c) = 23*c + 122. Let x be f(-21). Let w = 409 + x. Let n(y) = -y**3 - 9*y**2 - 11*y - 6. What is the remainder when w is divided by n(-8)?
12
What is the remainder when 2458 is divided by (115/(-69))/(((-15)/(-108))/(-1))?
10
Calculate the remainder when (-1)/(11/(0 + 66)) - -1940 is divided by 215.
214
Suppose 15*n + 64 = 23*n. Suppose 3*a = -12, -n*a + 5*a - 792 = -4*o. What is the remainder when o is divided by 49?
48
Let j(z) = 6*z**2 - 2*z + 2. Let h = -275 + 419. Suppose h*b - 139*b - 65 = 0. Calculate the remainder when j(2) is divided by b.
9
Suppose 5*y - 820 = -23*a + 37*a, -3*a - 163 = -y. What is the remainder when y is divided by 150?
28
Suppose -355*k + 2693 = 101*k - 5515. What is the remainder when 150 is divided by k?
6
Suppose 5*y + 2 = 6*y + 5*s, 5*s = 0. Calculate the remainder when 63 is divided by (0/3 - y)*-10.
3
Let i(s) = -29*s**2 - 3162*s - 91. What is the remainder when (-3)/(-3) - -155*3 is divided by i(-109)?
16
Let m = 45 - 18. Suppose -4*c - m*c = -310. Let h(p) = p**3 - p**2 - 2. Calculate the remainder when h(3) is divided by c.
6
Let i = 59 - 47. Let c = -236 + 339. Let q = -72 + c. Calculate the remainder when q is divided by i.
7
What is the remainder when 2234 is divided by (298 - 255) + -17 + 0?
24
What is the remainder when (372/(-4) - -18)*5/(25/(-66)) is divided by 140?
10
Let z = 83 - 97. What is the remainder when 96/z*294/(-28) is divided by 25?
22
Let k = -11 - -16. Suppose 645 = 5*n + k*c, -7*n + 3*n - 2*c + 508 = 0. Suppose -10*t + 370 = 7*t + 13. Calculate the remainder when n is divided by t.
20
Let l = 10487 + -10266. What is the remainder when l is divided by 23?
14
Suppose -y - 2*r = 0, -4*r = 5*y - 7 - 5. Suppose -2*m - m - 3*k = -210, y*m - 253 = 5*k. Let t = -206 + 228. What is the remainder when m is divided by t?
1
Let w = 892 + -880. Calculate the remainder when 16 is divided by w.
4
Suppose 50 = 7*d - 34. Let b = 18 - d. Suppose -b*a + 123 = -3*a. Calculate the remainder when a is divided by 21.
20
Let u(a) = -1528*a - 5503. What is the remainder when u(-9) is divided by 110?
109
Let n = -112 - -65. Let z = n + 50. Let p = z - -6. Calculate the remainder when 43 is divided by p.
7
Let c(x) = -2*x - 12. Let s be c(-6). Suppose s = -28*f + 602 + 322. Calculate the remainder when 158 is divided by f.
26
What is the remainder when 382 is divided by (21/4)/((-426)/(-6248))?
74
Let r(d) = -3*d**2 + 8*d + 11. Let a(v) = -v**2 + 2*v. Let z(u) = 2*a(u) - r(u). Calculate the remainder when z(8) is divided by 20.
1
Suppose -4*g - 141 + 72 = -3*b, 66 = 2*b + 4*g. What is the remainder when 1010 is divided by b?
11
Suppose 21*a + 2328 = 9*a. Let v = a + 218. Suppose -2*c = -108 - 32. Calculate the remainder when c is divided by v.
22
Suppose 0 = -2*l - l + 6, 0 = 4*v + l + 2. Let k = 142 - -5. Calculate the remainder when k is divided by (v - (-130)/5)*1.
22
Let m(s) = -3*s**3 - 3*s - 1. Let r(a) = -2*a**3 - 4*a. Let z(n) = -3*m(n) + 4*r(n). What is the remainder when z(4) is divided by 10?
9
Let x be -3*910/21*2/(-4). Suppose -5*i + 0*i = -5*p + x, 0 = -p + 2*i + 15. What is the remainder when -6*-2*13/4 is divided by p?
6
Let f = 1345 + -372. Suppose 16*w = 9*w + f. What is the remainder when w is divided by 28?
27
Suppose -412 = -c - 3*w, -c - 11 = -w - 395. What is the remainder when c is divided by 178?
35
Suppose 76*t - 3*u = 71*t + 59, -2*t + 16 = -5*u. Let b = 28 - 40. Calculate the remainder when b/(-16) + (-290)/(-8) is divided by t.
11
Calculate the remainder when 799 is divided by (12*(-6)/(-60))/(3*(-24)/(-4500)).
49
Suppose 5915 = l - 62*l + 17871. Calculate the remainder when l is divided by 47.
8
Calculate the remainder when 1026 is divided by ((18252/(-30))/6)/(9/(-90)).
12
Let v(c) = 22*c**3 + c**2 - 21*c + 42. Calculate the remainder when v(2) is divided by 77.
26
Let h(y) = 22*y - 2. Let g be h(1). Suppose 0*m - g*m = -640. What is the remainder when 88 is divided by m?
24
Let m = 12 - -2. Let l(n) = 6*n. Let y be l(4). Let c = -1 + y. What is the remainder when c is divided by m?
9
Let m = 8 - 7. Let n be 2 + 30/(-6) + 4*m. Let k(a) = 42*a**2 - a. What is the remainder when k(n) is divided by 14?
13
Suppose 162 = 17*z - 331. What is the remainder when 338 is divided by z?
19
Let x = 23 - -8. Let g = x - 31. Suppose 5*r - 655 = -g. Calculate the remainder when r is divided by 19.
17
Let o(w) = -34*w - 10. Let f be o(2). Let l = -24 - f. Suppose -22*k - 152 = -30*k. Calculate the remainder when l is divided by k.
16
Let a(v) = v**3 + 22*v**2 + 21*v + 7. Let u be a(-21). Suppose 2380 = u*q + 27*q. Calculate the remainder when 208 is divided by q.
68
Let u be (-6)/((-7)/5 + 1). Suppose u = 2*n - 4*b - 27, 0 = -4*n - 4*b + 132. Calculate the remainder when n is divided by (90/(-60))/(-5 + 231/48).
5
Let n = -5284 + 652. Calculate the remainder when n/(-54) + 1*(-6)/(-27) is divided by 23.
17
Suppose -6*i + i - 4*n = -67, 26 = 2*i + 2*n. Calculate the remainder when (104/6 - 0)/(38 + (-2164)/57) is divided by i.
14
Let n = 56 - 60. Let v be (5/(-60))/(1/n)*30. Calculate the remainder when (-576)/(-22) - v/55 is divided by 14.
12
Let z(d) = 24*d - 15. Let b be z(5). Suppose 0 = -7*f + b - 42. Calculate the remainder when (88/28)/(0 - 2/(-42)) is divided by f.
3
What is the remainder when 9491 is divided by 1404/30 + (-8 - (-451)/55)?
44
Suppose 7*y - 51 = -10*y. Suppose -y*t + 57 = 2*j - 56, 3*j - 12 = 0. What is the remainder when 115 is divided by t?
10
Calculate the remainder when 2734 is divided by 4/6*(-6987)/(-274).
14
Let v(z) = 58*z**3 - 5*z**2 + 42*z - 139. Calculate the remainder when v(3) is divided by 7.
3
Let y be (-30)/75 - 283/5. Let u = 202 - y. Calculate the remainder when u is divided by 53.
47
Suppose -466 = -10*o + 174. Let s = 177 - o. What is the remainder when s is divided by 58?
55
Let f(v) = 21*v - 3. Let o be f(2). Let p = o - 35. Suppose -k + 2 = s, 34 = -0*s + 2*s - p*k. What is the remainder when 27 is divided by s?
6
Suppose 5*o - 25 = 0, -61 = -3*p + 4*o + 75. Suppose p = 4*b + 4*x, -4*b + 15*x - 10*x = -7. What is the remain